9, -4*i + 124 = 3*j. Calculate the remainder when 92 is divided by j.
44
Suppose 34*b - 33*b = 159. What is the remainder when b is divided by 53 + (-5)/25*-10?
49
Calculate the remainder when 357 is divided by (-83)/(-5) - (-16)/12*51/170.
0
Let v = -35 - -36. Suppose -q + 1 = -v. What is the remainder when ((-20)/(-15))/(q/72) is divided by 25?
23
What is the remainder when 74 is divided by -9 + 12 - (-58 - -13)?
26
Suppose -5*x = v + 692, -5*x - 5*v + 680 = -10*x. Let o = x + 152. Let a = -29 + 97. Calculate the remainder when a is divided by o.
12
What is the remainder when (22*-16 + -11 + 7)/(-2) is divided by (-2)/(-6) - (-6 - (-820)/(-15))?
56
Let z = 24252 - 24248. What is the remainder when 1084 is divided by z?
0
Calculate the remainder when 16 + (70/10 - 12) + 443 is divided by 35.
34
Let p(s) = -s**3 + 21*s**2 - 29*s - 146. Calculate the remainder when 4447 is divided by p(19).
22
Let o(w) = -8*w - 8. Let h be o(-7). Suppose -h = -3*k + 9. Calculate the remainder when 36 is divided by k.
17
Let m = -186 + 187. Let u(s) = 51*s**2 - 13*s - 1. Calculate the remainder when 441 is divided by u(m).
34
Suppose t + 5*x = 70, t = -2*x - 27 + 94. Suppose 5*q - 3*i = 176, -4*q - i + 126 = 4*i. Calculate the remainder when t is divided by q.
31
Let a(l) = -l**3 - 9*l**2 - 8*l + 4. Let j be a(-8). Suppose o - j*f = -14, -4*o = o - f - 6. Let g = 13 + o. What is the remainder when g is divided by 10?
5
Suppose 271 = i - 32. Let j = i + -289. Calculate the remainder when 37 is divided by j.
9
Let g(l) = 2*l**2 + 52*l + 190. Calculate the remainder when g(-29) is divided by 48.
28
Suppose 4*n - 220 = -0*n. Let i(t) = -t**3 - 15*t**2 - 48*t - 12. Let z be i(-10). Let x = z + n. Calculate the remainder when 90 is divided by x.
21
Let u(g) = -3*g - 2. Let h be u(-2). Suppose h*y - 52 = 28. Calculate the remainder when (25/y)/(363/180 + -2) is divided by 19.
18
Suppose -6*w - 116 = 100. Let k = w - 82. What is the remainder when (3 + 27/(-6))/(3/k) is divided by 10?
9
Let c(a) = a + 3. Let i(j) = -19*j + 46. Let q(h) = -c(h) - i(h). What is the remainder when q(6) is divided by 24?
11
Let a = -19153 - -33411. What is the remainder when a is divided by 20?
18
Suppose -8*j = -12*j + 132. What is the remainder when j is divided by (-2)/2 + 9 + 33 + -51 + 24?
5
What is the remainder when ((-8)/3 - -4)/(-1*(-4)/2901) is divided by 107?
4
Suppose -19*p - 5*p = -5 - 1915. Calculate the remainder when 2077 is divided by p.
77
Let h(c) = 4*c - 55. Calculate the remainder when h(18) is divided by (-1)/(-4) - (-57)/12.
2
Let g(c) = -127*c + 1020. Let z = -27 + 33. What is the remainder when g(7) is divided by z?
5
Let y(u) = 366*u - 2021. Calculate the remainder when y(6) is divided by 18.
13
Suppose 8*s - 92 = 404. Let h = -51 + s. Let a = -30 - -49. Calculate the remainder when a is divided by h.
8
Let a(i) = 11*i**2 - 33*i + 272. What is the remainder when a(8) is divided by 11?
8
Let h(y) = y**2 + 4*y - 4. Suppose -c + 2*c + 211 = 3*q, -6 = -3*c. Let x = q - 40. Calculate the remainder when x is divided by h(2).
7
Let m = -227 - -85. Calculate the remainder when 565 is divided by m*3/(-18)*3.
68
Let c = -990 + 1147. Calculate the remainder when c is divided by 111.
46
Let p(u) = 7*u - 8. Let a(r) = 15*r - 13. Let o(y) = 3*a(y) - 7*p(y). Calculate the remainder when 4 is divided by o(4).
0
Suppose 120*w - 6954 = 59*w. Suppose -x + 2*z = -4 - 18, 3*x - 58 = -2*z. Calculate the remainder when w is divided by x.
14
Suppose 3 = 5*t - 2*t, 2*h - 4*t = 22. Suppose 3*r = -15, -7*m + 2*m + 5*r + 470 = 0. What is the remainder when m is divided by h?
11
What is the remainder when 556 is divided by (2/(-6))/((9 - 10352/690) + 6)?
96
Let y(a) = -264*a + 533*a - 16 - 270*a. What is the remainder when 145 is divided by y(-33)?
9
Let y(g) = -8*g - 125. Let z be y(-27). Let p = -68 + z. Calculate the remainder when p is divided by 14.
9
Let m be 0 - (3 + -10 + 2). Let k(v) = 4*v**2 - 13*v + 10*v - 3*v**2 + 6. What is the remainder when k(m) is divided by 9?
7
Suppose 418 = 18*j + 58. What is the remainder when 10 is divided by 160/j - (2 - 4)?
0
Suppose -2*i = 1842 - 1866. What is the remainder when 298 is divided by i?
10
Let q(m) = 5*m - 42. Let a be (-4)/(-10) + (-9504)/160. Let v = a - -71. Calculate the remainder when q(v) is divided by 3.
0
Suppose 21*a - 2061 = 12*a. What is the remainder when a is divided by 56?
5
Let h = 254 + -255. What is the remainder when (h + 150/5)*4 is divided by 7?
4
Suppose 13 = 2*c - 3*f, 2*c + 2 = -3*f - 3. Suppose 20 = 3*k + c*k, v = 2*k + 11. Suppose -5 = -2*y + v. What is the remainder when 178 is divided by y?
10
Let m(h) = h + 41. Let w = 35 - -12. Let b = w + -56. What is the remainder when 94 is divided by m(b)?
30
Let g be 82/12 + (-1 - 4/(-24)). Suppose l - 5*i = -3, 3*l + 31 = g*l + 5*i. What is the remainder when 16 is divided by l?
2
Let v(b) = -b**2 - 48*b - 468. What is the remainder when 253 is divided by v(-19)?
4
Suppose 3*z + k - 145 = 0, z - 67 = -43*k + 38*k. Suppose 2*w = 3*w - 5, -2*a + w + 143 = 0. Calculate the remainder when a is divided by z.
27
Suppose 71 = -j + 146. Suppose 0 = 4*x - j - 33. Calculate the remainder when 100 is divided by x.
19
Let v be (2/(-6))/(10/(-60)). Suppose -v*j = 0, 4*b - 2*j - 44 = 3*j. Let s = -7887 + 7890. What is the remainder when b is divided by s?
2
What is the remainder when 229 + 0 + -12 + (-51 - -62) is divided by 63?
39
Calculate the remainder when 2374 is divided by (-20 - -21)/(-1*(2 - 246/122)).
56
Suppose 5*a + 302 = 1202. Suppose 2*y - 220 = -a. What is the remainder when 57 is divided by y?
17
Let k(n) = -104*n - 87. Let i be k(-5). Let u = -246 + i. Calculate the remainder when u is divided by 25.
12
Let o = 479 - 432. Suppose 0 = -4*v - 4*z + 228, v + 0*z - z - 67 = 0. What is the remainder when v is divided by o?
15
Suppose 2*o + d = 173, 4*o + 4*d - 55 - 293 = 0. Calculate the remainder when (-43)/(o/(-12)) - (1 + -2) is divided by 5.
2
Let o be (-3 + 6 + 7/(-2))*0. What is the remainder when 194 is divided by 10/(-5 + o) + (-41)/(-1)?
38
Let p(s) = -2*s**2 + 34*s - 19. Let l be p(17). What is the remainder when 9/6*296/12 is divided by (l + 0/5)*-1?
18
Suppose -3*z - 3*z = -12454 + 3568. Calculate the remainder when z is divided by 478.
47
Suppose s + 8 = 0, 2*x - 65 - 67 = 4*s. What is the remainder when x is divided by 46?
4
Suppose 3*h - o = 28 + 6, -4*h - 2*o = -52. Suppose r - 133 + 106 = 0. Calculate the remainder when (80/h)/(1/15) is divided by r.
19
Suppose -204 = -0*a - 4*a. Suppose -5*v = -b - 2*b + 10, -5*b - 2 = v. Suppose -m - 44 + a = b. Calculate the remainder when 9 is divided by m.
2
Suppose 100 = t - c, -5*c - 12 = -c. Suppose -11*u + t = -8*u - b, 5*u = b + 163. Calculate the remainder when 197 is divided by u.
32
Let l be 46*(-26)/39*(-6)/4. Let z = 48 - l. Calculate the remainder when 67 is divided by (z/(-8))/((-7)/644).
21
Let c(w) = 10*w + 79. Suppose o - 5*k = -32, k - 66 = 3*o + 58. Calculate the remainder when c(0) is divided by 3*o/9*(-2 + -1).
37
Suppose -3*f + 100 = 9*u - 8*u, -3*f + 4*u + 80 = 0. Let k = 11 + -8. Suppose k*w - 17 = 172. Calculate the remainder when w is divided by f.
31
Let n be 30/(-12)*(0 - 2). Suppose 29 = m - 5*s, 6*m + 166 = 10*m + n*s. Calculate the remainder when (4/1 - 3) + (-3 - -115) is divided by m.
35
Let i = -9003 + 9020. Let a(n) = 10*n**2 - 2*n - 5. Calculate the remainder when a(4) is divided by i.
11
Suppose -3*z + 388 = z - 5*j, 0 = 2*z - 5*j - 204. Let b = z - 71. What is the remainder when 37 is divided by b?
16
Let a be (973 + 75)/(2*-1). Let y = -267 - a. Calculate the remainder when y is divided by 52.
49
Let x = -13825 - -14212. What is the remainder when x is divided by 380?
7
Suppose -4736 = -36*z - 92*z. Calculate the remainder when 1218 is divided by z.
34
Suppose -9 + 24 = 5*j. Suppose j*r + 18 = d, r + 0 = 4*d - 17. Suppose 9*m - 78 = d*m. What is the remainder when 38 is divided by m?
12
Let x be (((-45)/(-6))/5)/(3/28). Suppose 4*q + 4*p + x = 122, 84 = 4*q - 2*p. Calculate the remainder when q is divided by 20.
3
Suppose n - 869 = -862. Suppose 0 = -3*d + n*d - 3*r - 524, 3*r + 12 = 0. Let q = -28 + 50. What is the remainder when d is divided by q?
18
Suppose 2*i = -3*o + 2194, 